{"id":67,"date":"2017-09-24T10:46:11","date_gmt":"2017-09-24T08:46:11","guid":{"rendered":"http:\/\/alancloiseau.fr\/?page_id=67"},"modified":"2025-09-16T16:30:23","modified_gmt":"2025-09-16T14:30:23","slug":"about-me","status":"publish","type":"page","link":"https:\/\/alancloiseau.fr\/index.php\/about-me\/","title":{"rendered":"About me"},"content":{"rendered":"<p>Form\u00e9 \u00e0 l&#8217;\u00c9cole Boulle et dipl\u00f4m\u00e9 par trois fois en arts appliqu\u00e9s, j&#8217;ai pass\u00e9 plusieurs ann\u00e9es chez Deezer avant de rejoindre l\u2019agence BETC pour laquelle j&#8217;ai \u00e9t\u00e9 directeur artistique pendant 3 ans.<br \/>\nDepuis 2019, je suis directeur de cr\u00e9ation pour l&#8217;agence Verywell \u00e0 Toulouse.<br \/>\nPassionn\u00e9 de dessin et d&#8217;urban sketching, j&#8217;exploite le temps libre qu&#8217;il me reste pour dessiner le monde qui m&#8217;entoure : je vous invite \u00e0 d\u00e9couvrir mes dessins sur mon compte Instagram <a href=\"https:\/\/www.instagram.com\/attention_a_la_marche\/\" target=\"_blank\" rel=\"noopener\">@Attention_a_la_marche <\/a>(11K followers).<\/p>\n<p><a href=\"http:\/\/alancloiseau.fr\/wp-content\/uploads\/2025\/09\/alancloiseau_CV_2025.pdf\" target=\"_blank\" rel=\"noopener\"><strong>Consulter mon CV.<\/strong><\/a><\/p>\n<p>T.<strong> 06 64 47 78 17<\/strong><br \/>\nM.<strong> alancloiseau@gmail.com<\/strong><\/p>\n<h6>Photo \u00a9Patrick Bories<\/h6>\n","protected":false},"excerpt":{"rendered":"<p>Form\u00e9 \u00e0 l&#8217;\u00c9cole Boulle et dipl\u00f4m\u00e9 par trois fois en arts appliqu\u00e9s, j&#8217;ai pass\u00e9 plusieurs ann\u00e9es chez Deezer avant de rejoindre l\u2019agence BETC pour laquelle j&#8217;ai \u00e9t\u00e9 directeur artistique pendant 3 ans. Depuis 2019, je suis directeur de cr\u00e9ation pour l&#8217;agence Verywell \u00e0 Toulouse. Passionn\u00e9 de dessin et d&#8217;urban sketching, j&#8217;exploite le temps libre qu&#8217;il [&hellip;]<\/p>\n","protected":false},"author":1,"featured_media":291,"parent":0,"menu_order":0,"comment_status":"closed","ping_status":"closed","template":"page-templates\/template_fullwidth.php","meta":{"jetpack_post_was_ever_published":false,"footnotes":""},"jetpack_sharing_enabled":false,"jetpack_shortlink":"https:\/\/wp.me\/P9daIv-15","_links":{"self":[{"href":"https:\/\/alancloiseau.fr\/index.php\/wp-json\/wp\/v2\/pages\/67"}],"collection":[{"href":"https:\/\/alancloiseau.fr\/index.php\/wp-json\/wp\/v2\/pages"}],"about":[{"href":"https:\/\/alancloiseau.fr\/index.php\/wp-json\/wp\/v2\/types\/page"}],"author":[{"embeddable":true,"href":"https:\/\/alancloiseau.fr\/index.php\/wp-json\/wp\/v2\/users\/1"}],"replies":[{"embeddable":true,"href":"https:\/\/alancloiseau.fr\/index.php\/wp-json\/wp\/v2\/comments?post=67"}],"version-history":[{"count":16,"href":"https:\/\/alancloiseau.fr\/index.php\/wp-json\/wp\/v2\/pages\/67\/revisions"}],"predecessor-version":[{"id":654,"href":"https:\/\/alancloiseau.fr\/index.php\/wp-json\/wp\/v2\/pages\/67\/revisions\/654"}],"wp:featuredmedia":[{"embeddable":true,"href":"https:\/\/alancloiseau.fr\/index.php\/wp-json\/wp\/v2\/media\/291"}],"wp:attachment":[{"href":"https:\/\/alancloiseau.fr\/index.php\/wp-json\/wp\/v2\/media?parent=67"}],"curies":[{"name":"wp","href":"https:\/\/api.w.org\/{rel}","templated":true}]}}